0).
4
Let l(s) = -108*s**2 - 318*s + 7. Determine l(-3).
-11
Let v(t) = t**2 - 52*t - 108. Give v(57).
177
Let d(p) = -9*p**3 - 4*p**2 + 7*p - 4. Give d(2).
-78
Let v(k) = -52*k + 1742. Calculate v(37).
-182
Let h(y) = 8*y**2 + 227*y - 44. Determine h(-29).
101
Let d(u) = 110*u + 13965. Determine d(-127).
-5
Let u(p) = 447*p - 93. What is u(0)?
-93
Let k(l) = 642*l + 3915. Give k(-6).
63
Let g(v) = v**2 - 1003*v - 6053. Determine g(-6).
1
Let z(s) = 5*s**2 + 36*s + 2. Calculate z(-7).
-5
Let i(n) = 5342*n + 165598. Calculate i(-31).
-4
Let f(g) = g**3 + 9*g**2 - 563*g - 5086. What is f(-9)?
-19
Let w(a) = -49*a**2 + 1430*a - 1428. Calculate w(1).
-47
Let c(s) = 2*s**2 + 47*s - 249. Determine c(-28).
3
Let l(b) = -178*b + 16906. What is l(95)?
-4
Let x(y) = -35*y**2 + 10*y - 11. Give x(1).
-36
Let t(f) = 9*f**3 + 23*f**2 + f + 16. Calculate t(-4).
-196
Let o(k) = 5*k**2 + 188*k + 3. Determine o(-38).
79
Let s(q) = 3*q**2 - 357*q + 2165. Determine s(6).
131
Let p(j) = 55*j - 353. Give p(-7).
-738
Let z(r) = 3*r**2 - 243*r + 1943. Calculate z(72).
-1
Let c(q) = -2*q**2 + 41*q + 50. What is c(23)?
-65
Let g(c) = -208*c - 829. Calculate g(-4).
3
Let z(p) = -7*p**3 - 82*p**2 + 18*p - 52. Calculate z(-12).
20
Let w(g) = 15*g + 353. Calculate w(7).
458
Let p(n) = -9*n**2 - 38*n - 11. Give p(-6).
-107
Let g(b) = -14*b**2 - 38*b - 56. Give g(-3).
-68
Let h(f) = 13*f**3 + f**2 - 75*f + 73. Calculate h(1).
12
Let g(n) = -n**3 - 14*n**2 - 7*n + 8. What is g(-13)?
-70
Let s(x) = -69*x - 222. What is s(-3)?
-15
Let z(m) = 2*m**3 - 4*m + 67. Give z(-6).
-341
Let k(s) = -33*s + 242. Determine k(6).
44
Let y(b) = -7*b**2 + 9*b - 21. What is y(2)?
-31
Let f(c) = c**2 + 5*c - 9. Give f(0).
-9
Let y(r) = -43*r**3 - 4*r**2 + 4*r - 1. Determine y(1).
-44
Let y(t) = -t**3 - 21*t**2 - 110*t - 26. Give y(-12).
-2
Let p(y) = 44*y + 276. Determine p(-8).
-76
Let o(r) = -130*r + 792. Calculate o(12).
-768
Let g(l) = -10*l**3 - 323*l**2 + 226*l - 158. Determine g(-33).
7
Let f(w) = -w**2 - 34*w - 216. Calculate f(-26).
-8
Let i(y) = -66*y - 252. Determine i(-5).
78
Let f(s) = -s**3 - 11*s**2 + 224*s + 2395. Determine f(-12).
-149
Let u(b) = -1584*b + 137803. Give u(87).
-5
Let g(p) = -p**3 + 33*p**2 - 31*p + 3. What is g(32)?
35
Let c(i) = 295*i - 7381. Give c(25).
-6
Let l(x) = 2*x**3 - 13*x**2 + 3*x + 17. Calculate l(6).
-1
Let m(f) = -f**2 - 17*f + 1900. Give m(-54).
-98
Let k(m) = 5*m**2 + 126*m - 697. Give k(5).
58
Let k(z) = 6*z**2 - 474*z - 2519. What is k(84)?
1
Let x(t) = -33*t - 228. Determine x(-7).
3
Let i(m) = -m**3 + 4*m**2 + 32*m - 124. What is i(4)?
4
Let j(i) = i**3 - 15*i**2 + 7*i + 89. Determine j(14).
-9
Let t(a) = -a**2 + 42*a - 596. What is t(39)?
-479
Let k(b) = -405*b**2 - 2831*b + 21. Calculate k(-7).
-7
Let v(c) = 7*c**2 + 5*c + 18. Give v(-7).
326
Let w(g) = 2*g**3 - 6*g**2 - 16*g + 31. What is w(7)?
311
Let c(p) = 2*p**2 - 58*p - 983. Determine c(41).
1
Let p(y) = -45*y + 29. Calculate p(7).
-286
Let h(f) = 913*f - 3655. Give h(4).
-3
Let m(g) = g**2 - 6*g + 13. Give m(-3).
40
Let p(n) = 9*n**2 + 32*n + 155. Give p(-9).
596
Let t(c) = -498*c - 512. Give t(-1).
-14
Let g(m) = 21*m**2 + 20*m + 21. What is g(-3)?
150
Let t(n) = -1960*n + 19596. Determine t(10).
-4
Let n(l) = -4*l**2 - 75*l - 333. What is n(-8)?
11
Let o(f) = f**2 - 2*f - 91. What is o(13)?
52
Let l(j) = -444*j - 4840. Calculate l(-11).
44
Let k(r) = r**2 + 47*r + 194. Calculate k(-42).
-16
Let t(m) = 167*m + 347. What is t(-5)?
-488
Let q(f) = 24*f + 68. Give q(-8).
-124
Let u(r) = r - 5. Determine u(7).
2
Let g(d) = -101*d - 620. Calculate g(-8).
188
Let d(b) = 5*b**2 + 79*b - 79. Give d(1).
5
Let a(r) = r**3 + 10*r**2 + 47*r + 441. Determine a(-9).
99
Let t(s) = 1586*s + 11097. Calculate t(-7).
-5
Let x(c) = -9*c**2 - 21*c - 11. What is x(-2)?
-5
Let d(q) = q**3 + q**2 + 99*q - 205. Calculate d(2).
5
Let l(z) = 17*z - 75. What is l(4)?
-7
Let r(v) = v**3 + 17*v**2 + 7*v - 33. Calculate r(-17).
-152
Let v(k) = -k**2 - 9*k + 45. Determine v(9).
-117
Let p(d) = -3*d**2 + 66*d - 66. Determine p(21).
-3
Let r(t) = -t**2 - 956*t - 40125. Determine r(-44).
3
Let p(v) = -12*v**3 + 19*v**2 - 25*v + 7. What is p(1)?
-11
Let l(c) = 3*c**2 - 62*c + 47. Calculate l(18).
-97
Let g(l) = -3*l**2 + 38*l + 210. Determine g(-6).
-126
Let k(j) = j**2 + 20*j - 268. Determine k(11).
73
Let r(w) = w**3 + 9*w**2 + 89*w + 532. Calculate r(-6).
106
Let m(g) = -g**3 - 11*g**2 + 17*g + 81. What is m(-11)?
-106
Let k(j) = -5*j**2 - 239*j + 809. Calculate k(-51).
-7
Let o(g) = 60*g + 8. Determine o(-2).
-112
Let l(q) = 4*q**2 + 19*q - 16. Give l(0).
-16
Let w(u) = 389*u - 5068. What is w(13)?
-11
Let a(o) = 156*o - 2101. What is a(13)?
-73
Let k(h) = 103*h**2 - h - 1. What is k(1)?
101
Let m(p) = 90*p - 280. Give m(3).
-10
Let v(c) = -4*c**2 - 928*c + 2815. Determine v(3).
-5
Let v(y) = y**3 + 123*y**2 + 362*y + 350. Calculate v(-120).
110
Let k(q) = 13*q**2 + 32*q - 31. Determine k(1).
14
Let o(l) = -l**3 - 5*l**2 - 3*l + 7. Give o(3).
-74
Let k(r) = -3*r**3 + 3*r**2 + 2*r - 4. Give k(-3).
98
Let v(h) = -12*h + 124. Determine v(13).
-32
Let k(b) = b**2 - 294*b + 11239. Give k(45).
34
Let q(k) = -112*k - 521. Calculate q(-6).
151
Let a(n) = 3*n**2 - 6*n - 30. Determine a(-3).
15
Let p(q) = 76*q + 10412. Give p(-137).
0
Let f(t) = -19*t**2 + 101*t - 13. Determine f(5).
17
Let x(z) = 189*z + 3585. Determine x(-19).
-6
Let m(q) = -5*q**2 - 260*q + 100. Calculate m(-51).
355
Let o(p) = -3*p**3 + 20*p**2 - 8*p + 19. Calculate o(6).
43
Let q(d) = -d**2 + 52*d - 6. Calculate q(53).
-59
Let t(p) = -p**2 - 9*p - 38. Determine t(-10).
-48
Let i(p) = 2*p**2 - 152*p - 207. What is i(77)?
-53
Let r(a) = -a**3 + 2*a**2 + 77*a - 137. Give r(9).
-11
Let q(k) = -4*k**3 + 21*k**2 - 6*k + 4. Calculate q(5).
-1
Let t(f) = 187*f - 13639. Calculate t(73).
12
Let u(j) = j**3 + 190*j**2 - 396*j - 2301. Give u(-192).
3
Let o(r) = 4739*r - 61589. Calculate o(13).
18
Let h(o) = 13*o**2 - 9*o + 48. Calculate h(7).
622
Let q(b) = -b**3 - 24*b**2 - 94*b + 247. Determine q(-18).
-5
Let c(y) = y**2 - 615*y + 3663. Give c(6).
9
Let d(p) = 2*p**3 + 21*p**2 + 39*p + 151. Give d(-9).
43
Let v(w) = 3*w**2 - 12*w + 43. What is v(6)?
79
Let x(v) = v**3 - 13*v**2 + 50*v - 120. Give x(9).
6
Let l(s) = -7*s**3 - 34*s**2 + 43*s + 244. What is l(-6)?
274
Let t(s) = -3*s**3 - 55*s**2 + 337*s + 351. Determine t(-23).
6
Let u(q) = 63*q + 2264. Determine u(-36).
-4
Let t(b) = 351*b - 8093. What is t(23)?
-20
Let y(k) = -2*k**2 - 5*k + 6. What is y(-5)?
-19
Let o(y) = -y**2 + 11*y - 30. Calculate o(10).
-20
Let n(h) = 6*h**2 - 325*h + 121. What is n(53)?
-250
Let y(q) = 3*q + 45. Determine y(-10).
15
Let l(h) = h**3 - 13*h - 28. Give l(-3).
-16
Let o(c) = -1645*c + 29616. Give o(18).
6
Let d(n) = n**3 + 25*n**2 - 231*n - 239. Calculate d(-32).
-15
Let l(q) = 12*q**2 + 105*q - 28. Give l(-9).
-1
Let k(i) = 5*i**2 + 368*i + 2616. Determine k(-8).
-8
Let q(c) = c**3 + 30*c**2 + 9*c + 2. Calculate q(-30).
-268
Let x(d) = -d**3 + 12*d**2 - 20*d + 74. Calculate x(11).
-25
Let y(h) = h**2 - 37*h - 345. Give y(46).
69
Let t(k) = 12*k**3 + 3*k**2 - 27*k + 25. Give t(1).
13
Let z(r) = r**3 - 20*r**2 - 54*r + 214. Give z(22).
-6
Let a(b) = 5*b**2 - b - 62. Determine a(4).
14
Let a(s) = 2*s**2 + 68*s + 81. Calculate a(-33).
15
Let m(c) = -16*c + 133. What is m(6)?
37
Let b(h) = -21*h - 27. Give b(-4).
57
Let k(y) = -6*y**3 - 16*y**2 + 19*y - 6. Determine k(-3).
-45
Let n(a) = 13874*a + 83246. Determine n(-6).
2
Let q(h) = -h**3 - 26*h**2 - 54*h + 370. Determine q(-23).
25
Let z(k) = -k**3 + 31*k**2 - 86*k. Determine z(3).
-6
Let n(f) = -96*f + 874. Give n(9).
10
Let x(d) = -2*d**3 - 35*d**2 - 46*d - 21. Determine x(-16).
-53
Let q(n) = n**3 - 22*n**2 + 69*n + 420. Give q(16).
-12
Let t(o) = -38*o - 10. What is t(-2)?
66
Let x(u) = -u**3 - 6*u**2 + 9*u + 7. Determine x(-5).
-63
Let p(c) = c**3 + 50*c**2 - 110*c - 334. Calculate p(-52).
-22
Let y(u) = -u**2 - 37*u + 71. Calculate y(6).
-187
Let w(c) = -c**3 + 2*c**2 + 31*c + 11. What is w(7)?
-17
Let o(l) = -l**2 - 352*l + 1417. Give o(4).
-7
Let v(p) = p**3 + 9*p**2 - 57*p - 285. Calculate v(-12).
-33
Let s(t) = -2*t**2 - 149*t + 560. What is s(-78)?
14
Let p(d) = -755*d + 6774. What is p(9)?
-21
Let c(l) = 368*l +